he greatest common divisor of 48776 and 804?
268
Calculate the highest common factor of 336 and 55734.
42
Calculate the greatest common divisor of 18 and 495738.
18
Calculate the greatest common factor of 4998 and 12054.
294
What is the greatest common divisor of 1450 and 14790?
290
What is the greatest common divisor of 3474 and 1062?
18
What is the highest common factor of 184 and 4483712?
184
Calculate the greatest common factor of 6066 and 30.
6
What is the greatest common factor of 8505094 and 338?
338
What is the greatest common factor of 221 and 3965?
13
What is the highest common divisor of 1758 and 22824114?
1758
What is the greatest common divisor of 26 and 2622997?
13
Calculate the greatest common factor of 114184 and 224.
56
Calculate the greatest common factor of 323 and 2033.
19
Calculate the highest common divisor of 84 and 80374.
14
Calculate the highest common factor of 298 and 633101.
149
Calculate the greatest common factor of 7920 and 11565.
45
Calculate the highest common factor of 444 and 1887.
111
What is the greatest common divisor of 4539 and 3621?
51
What is the highest common factor of 276 and 322782?
138
Calculate the highest common divisor of 520 and 17992.
104
Calculate the greatest common divisor of 5460 and 24780.
420
What is the greatest common divisor of 10752 and 16968?
168
Calculate the greatest common divisor of 2600 and 370200.
200
What is the highest common divisor of 24440 and 2860?
260
Calculate the highest common divisor of 100 and 725.
25
What is the highest common divisor of 7 and 120427?
1
What is the greatest common divisor of 284886 and 1953?
63
What is the greatest common divisor of 509 and 5?
1
Calculate the highest common divisor of 158054 and 26.
26
What is the highest common divisor of 13144 and 71672?
248
Calculate the highest common divisor of 21440 and 80320.
320
What is the highest common factor of 12292 and 2492?
28
What is the greatest common divisor of 10384 and 2360?
472
Calculate the greatest common factor of 2532 and 2292.
12
Calculate the greatest common factor of 4647186 and 27.
27
Calculate the highest common divisor of 6728 and 17748.
116
What is the highest common factor of 417 and 65052?
417
Calculate the greatest common factor of 18126 and 304.
38
Calculate the highest common factor of 121 and 16555.
11
Calculate the highest common divisor of 301 and 100793.
7
What is the highest common divisor of 4768 and 96?
32
What is the highest common factor of 5152 and 1?
1
What is the highest common divisor of 50250 and 3000?
750
Calculate the greatest common factor of 232 and 202043.
29
Calculate the highest common divisor of 3259466 and 14.
14
Calculate the highest common divisor of 159 and 351867.
159
What is the highest common factor of 261 and 14319?
9
Calculate the greatest common factor of 67 and 122610.
67
Calculate the greatest common divisor of 39600 and 5700.
300
What is the highest common divisor of 13356 and 49820?
212
Calculate the highest common factor of 360 and 20106.
18
Calculate the highest common factor of 98 and 104482.
14
What is the highest common divisor of 1476 and 39524?
164
Calculate the greatest common factor of 175712 and 2176.
544
What is the highest common factor of 508 and 1001522?
254
Calculate the greatest common divisor of 153175 and 825.
275
Calculate the highest common divisor of 115230 and 276.
138
Calculate the highest common divisor of 212597 and 2259.
251
Calculate the greatest common factor of 378 and 88326.
126
Calculate the highest common divisor of 88 and 421168.
88
What is the greatest common factor of 89076 and 1053?
39
What is the greatest common factor of 9184 and 1376?
32
What is the greatest common factor of 1100042 and 454?
454
What is the greatest common factor of 13266 and 1122?
66
What is the highest common divisor of 80678 and 963?
107
Calculate the highest common divisor of 124040 and 280.
280
Calculate the highest common factor of 24886 and 1564.
46
Calculate the highest common divisor of 153677 and 4541.
239
Calculate the greatest common factor of 3280912 and 32.
16
Calculate the highest common divisor of 7222 and 1099.
157
Calculate the greatest common divisor of 5445 and 436095.
495
Calculate the greatest common factor of 240 and 108600.
120
Calculate the highest common factor of 2166 and 150898.
722
Calculate the greatest common divisor of 32948 and 4.
4
Calculate the highest common factor of 127284 and 12.
12
Calculate the greatest common divisor of 5135922 and 396.
198
What is the highest common factor of 65132 and 83986?
1714
What is the greatest common factor of 1728 and 6865344?
1728
What is the highest common factor of 2115 and 6660?
45
Calculate the greatest common divisor of 700 and 70840.
140
Calculate the highest common divisor of 31680 and 225.
45
What is the greatest common divisor of 1507 and 31373?
137
Calculate the greatest common divisor of 67365 and 65.
5
What is the highest common factor of 864465 and 315?
105
What is the greatest common factor of 26789 and 43?
43
Calculate the greatest common divisor of 354 and 4425.
177
Calculate the highest common divisor of 2316099 and 127.
127
What is the highest common divisor of 350 and 234?
2
Calculate the highest common divisor of 1274023 and 634.
317
What is the greatest common divisor of 383994 and 624?
78
What is the greatest common divisor of 156 and 45588?
12
What is the highest common factor of 976677 and 78?
39
What is the highest common divisor of 128 and 57632?
32
Calculate the greatest common divisor of 6018 and 1275.
51
Calculate the greatest common divisor of 2704 and 418444.
676
Calculate the greatest common factor of 53843 and 23.
23
Calculate the highest common factor of 28 and 1529206.
14
Calculate the highest common factor of 2343 and 1188.
33
Calculate the highest common factor of 127620 and 3860.
20
Calculate the highest common factor of 251152 and 110.
22
What is the highest common factor of 977907 and 7?
7
Calculate the greatest common divisor of 6737556 and 336.
84
Calculate the greatest common divisor of 353442 and 24.
6
What is the highest common divisor of 6 and 1132206?
6
Calculate the highest common factor of 585 and 2376855.
585
Calculate the highest common divisor of 2319 and 45.
3
What is the greatest common divisor of 37575 and 2385?
45
Calculate the highest common divisor of 8178 and 3741.
87
Calculate the highest common divisor of 2221815 and 765.
255
Calculate the greatest common factor of 15 and 234555.
15
What is the greatest common divisor of 3570 and 67473?
357
What is the highest common factor of 10 and 55190?
10
What is the highest common factor of 160 and 303472?
16
What is the highest common factor of 48 and 1019496?
24
Calculate the greatest common divisor of 1185872 and 18632.
1096
What is the highest common factor of 1849 and 688?
43
What is the greatest common factor of 9350 and 48246?
374
What is the greatest common divisor of 45663 and 744?
93
Calculate the highest common factor of 2262 and 407914.
754
What is the highest common divisor of 304 and 108148?
76
Calculate the highest common divisor of 66034 and 1096.
274
What is the greatest common factor of 44732 and 1477?
211
What is the highest common divisor of 611 and 13988?
13
What is the greatest common factor of 56 and 282408?
56
Calculate the greatest common factor of 99336 and 84.
12
Calculate the greatest common divisor of 3766744 and 157.
157
Calculate the highest common factor of 157235 and 177.
59
What is the highest common factor of 1312 and 1112?
8
What is the greatest common factor of 3525 and 90945?
705
What is the greatest common factor of 22 and 140481?
11
Calculate the highest common divisor of 12691 and 181447.
343
What is the highest common divisor of 822 and 2673966?
822
What is the greatest common factor of 42334 and 42578?
122
What is the highest common divisor of 660 and 61690?
10
Calculate the greatest common divisor of 10 and 1183715.
5
What is the highest common factor of 2875 and 28875?
125
Calculate the highest common divisor of 116 and 80533.
29
Calculate the highest common divisor of 1288360 and 3720.
1240
Calculate the highest common divisor of 346 and 6.
2
What is the greatest common divisor of 196 and 84?
28
What is the highest co